 prime factors of f?
2, 3
Let m(s) = 631*s + 628. List the prime factors of m(16).
2, 7, 383
Let b be (0/(-3))/2 + 0/(-13). Suppose b = -2*t - 2*d + 1466, -6*d = -3*d + 12. What are the prime factors of t?
11, 67
Let r = 6574 + -4569. Suppose 7*c - r = 53. List the prime factors of c.
2, 3, 7
Suppose 24 = p - 3*s, 4*s + 14 = p - 13. Suppose -p*z = -z - 7630. List the prime factors of z.
5, 109
Suppose -289 = -5*l - 5*c + 426, 2*l + 5*c - 292 = 0. Let n(o) = -39*o + 39. Let m be n(1). Suppose m = -3*w + 6*w - l. List the prime factors of w.
47
Let i(b) = 693*b - 22. Let o be i(1). Suppose s - 653 = w, 0*s + s = -5*w + o. What are the prime factors of s?
2, 41
Let b be 1/((20/4515)/(-4)). Let v = b + 1723. What are the prime factors of 2/(-4) - v/(-8)?
2, 3, 17
Let c(p) = -p + 12. Let s be c(0). Suppose 0 = -2*b - s*b + 8988. What are the prime factors of b?
2, 3, 107
Suppose o + 136 = 138. Let h be (-40)/(-10) + -2*o. Suppose 9*v - v - 1648 = h. List the prime factors of v.
2, 103
Let u = 144 - 701. Let t = u - -673. List the prime factors of t.
2, 29
Let j = 56 - 52. Suppose 2*h - j*o = -2*h + 4, -h + 5*o - 7 = 0. List the prime factors of (-168)/(-7) + h/(-3).
23
Let k = -13855 + 28182. What are the prime factors of k?
14327
List the prime factors of ((-60537)/(-68))/(27/1260).
5, 7, 1187
Let c(w) = -630*w + 3073. What are the prime factors of c(-3)?
7, 709
Let b(f) = 94*f + 5. Suppose -4*s = -3*o + 12, 3*o - 11*s = -6*s + 12. List the prime factors of b(o).
3, 127
Let d = 28800 + 7331. What are the prime factors of d?
36131
Suppose h = -5*c + 29, 7 = 3*h + 5*c - 30. Suppose -5*u + h*u + 278 = 0. What are the prime factors of u?
2, 139
Suppose 0 = -309*x + 121*x + 16131910 + 416226. What are the prime factors of x?
2, 11, 4001
What are the prime factors of (-9387)/(-504)*1624 + 0 + -7 + 0?
2, 3, 5, 7
Let p(d) = d**2 - d + 9138. What are the prime factors of p(0)?
2, 3, 1523
Let c(l) = -l**3 - 29*l**2 - 24*l + 27. Let s be c(-28). Let z = -77 - s. Suppose 0 = z*w - 69 - 299. What are the prime factors of w?
2, 23
Let r(o) = o**3 - 5*o**2 - o - 4. Let y be r(6). Suppose 13*c + 8424 = y*c. List the prime factors of c.
2, 3
List the prime factors of (92192/28)/((-30)/(-105)) + (1 - -2).
11527
Let u(w) = -5922*w + 4494. What are the prime factors of u(-5)?
2, 3, 7, 29
Suppose 0 = 140*m - 19698 - 238018 - 196584. List the prime factors of m.
5, 11, 59
Let f = 276 - -690. Suppose 3*r = -5*h + 2*r + 1610, -3*r = -3*h + f. List the prime factors of h.
2, 7, 23
Let i be ((-1)/3 + (-247)/114)*2. Let w(k) = -2*k**3 - 3*k**2 - 9*k - 12. Let r be w(i). Suppose 5*m = 9*m - r. List the prime factors of m.
2, 13
Suppose -112*s + 132*s = 60. Suppose -2*m = 3*m. Let d = s - m. What are the prime factors of d?
3
Suppose 5*q + 2*f + f = 25, 5 = f. Suppose q*n = -b + 645, -n - 4*n - b = -1614. Suppose -3*o = -238 - n. List the prime factors of o.
11, 17
Let b(p) = -p**3 - 3*p**2 - 4. Let n be b(-3). Let m = 1485 - 1489. What are the prime factors of 258/n*(m - -2)?
3, 43
Let r(u) = -7*u**3 + u**2 + 9*u + 14. Let d = -357 + 355. List the prime factors of r(d).
2, 7
Let f = 80719 + -54601. What are the prime factors of f?
2, 3, 1451
Let t(o) = o**3 - 3*o**2 - 6. Let m be t(5). Let r = -9 + m. Suppose 0 = -r*b + 39*b - 144. List the prime factors of b.
2, 3
Let q(k) = k**3 + 4*k**2 + k + 4760. What are the prime factors of q(0)?
2, 5, 7, 17
Let r(a) = 3436*a + 3048. List the prime factors of r(16).
2, 7253
What are the prime factors of 24/(-52) - (-172701)/(-39)*-2?
2, 3, 41
Let m(h) = 3*h - 34. Let d(f) = -3*f + 33. Let v(n) = -4*d(n) - 3*m(n). Let y be v(10). Suppose y = -4*u + 75 + 1057. What are the prime factors of u?
283
Let p(h) = 31*h**2 - 2*h - 4. Suppose 160 = 5*i - 5*b, 0 = i - 0*i - 5*b - 32. Suppose -33*c + i*c = 2. List the prime factors of p(c).
2, 31
Let a be (118*22/(-4))/((-5)/35). Let w = a - 1679. Suppose -f = 15*f - w. List the prime factors of f.
179
Suppose 0 = -p - 3*y - 144, 346 + 182 = -4*p + 4*y. Let g = -82 - p. What are the prime factors of g?
53
Let j be (2 + 89)/(-1) - 0. Let d(v) = 1010*v + 833. Let q be d(-1). Let s = j - q. What are the prime factors of s?
2, 43
Let p = 175 - 216. Let k = 361 - p. List the prime factors of k.
2, 3, 67
Let t(g) = -338*g**3 + g**2 - 421*g - 851. List the prime factors of t(-2).
2699
Let l be 178/(-6) - (-2)/(-6). Suppose o - 4*o + u = 63, -5*o - 4*u - 71 = 0. Let j = o - l. List the prime factors of j.
11
Let s = -148496 + 215730. List the prime factors of s.
2, 33617
Suppose 3*o - 12 = 3*f + 240, 4*f = -2*o + 156. Let d = 85 - o. Suppose 0 = 8*g - d*g - 2*q - 266, 3*g + 2*q - 150 = 0. List the prime factors of g.
2, 13
What are the prime factors of 6/(-16) + 75/(-30)*1583127/(-260)?
2, 3, 43, 59
Let x(a) = 677*a - 1421. What are the prime factors of x(13)?
2, 3, 5, 41
Let p = -15727 + 16100. List the prime factors of p.
373
Let a(k) = 6*k**2 + 102*k + 97. List the prime factors of a(-23).
5, 37
Suppose 180*h + 74850 = 190*h. What are the prime factors of h?
3, 5, 499
Suppose -4*b + 20 = -109*c + 105*c, -4*c - 24 = -5*b. Suppose -b*y + 8941 = 5*v + 902, -4*y = -4. List the prime factors of v.
1607
Let m = -256 + 376. Let c = m - 37. Let p = c + 14. List the prime factors of p.
97
Let q be -3*2092/(-33) + 2/(-11). Suppose 0 = 4*m + 2*o - q, -4*m + 5*o = -152 - 17. Let f = 45 + m. List the prime factors of f.
7, 13
Let y = -314 - -1741. Let h = -147 + y. List the prime factors of h.
2, 5
Let v(o) = -20*o + 1 - 32 - 4*o. Let y be v(-14). Suppose u - 52 = -f, -102 + y = 4*u - f. What are the prime factors of u?
3, 17
Suppose -9*d - 5*w + 930 = -4*d, 2*d - 3*w = 362. Let j = -43 + d. List the prime factors of j.
3, 47
Let q(u) = 2*u + 22 + 29*u - 302*u. What are the prime factors of q(-2)?
2, 3, 47
Let p = -5533 + 45540. What are the prime factors of p?
11, 3637
Let i(m) = -173*m**3 - 4*m**2 - 20*m - 8. What are the prime factors of i(-4)?
2, 5, 277
Let t = 21 + -14. Suppose 7*a - 477 - 202 = 0. Let k = a + t. List the prime factors of k.
2, 13
Suppose -f = -3*x - 11504, -3*f - 4*x - 2468 = -36954. What are the prime factors of f?
2, 5749
Let v(u) = -u**3 - 2*u**2 + 3*u + 4. Suppose -8 = -4*x + 24. Suppose 0 = -y - 3*m, m + x = -4*y - 3*m. What are the prime factors of v(y)?
2
Suppose -4580*i - 253134 = -4598*i. What are the prime factors of i?
7, 41
Let f(l) = -l**2 - 29*l - 68. Let w(u) = -25*u**2 - 12. Let p be w(0). What are the prime factors of f(p)?
2, 17
Suppose -5*g = -4*s - g, -4*g + 8 = 0. Suppose 1046 = s*b + 4*p, -3*b + 789 = -p - 759. Suppose j = 5*o - b, o + 3*j - 34 = 63. List the prime factors of o.
103
Suppose u - 6*x + 2*x - 27 = 0, 2*u + x - 9 = 0. Suppose -a + u*g = 10*g - 854, 2*a + 3*g - 1702 = 0. What are the prime factors of a?
2, 53
Suppose 572*a - 12386892 = 94*a. List the prime factors of a.
2, 3, 7, 617
Let d = 13 - 11. Suppose 470 = d*v - 40. List the prime factors of v.
3, 5, 17
List the prime factors of (1 + -35)*(((-14070)/12)/5 - 10).
3, 17, 163
Let r(i) be the second derivative of -i**5/20 + i**4/12 - 2*i**3/3 - 7*i**2/2 - 14*i + 1. What are the prime factors of r(-7)?
7, 59
Let v be (-6)/(294/(-759479)) + (-8)/14. Suppose -351*w = -340*w - v. What are the prime factors of w?
1409
Let k(b) = 2089*b + 8709. List the prime factors of k(11).
2, 17, 233
Suppose 4*p + 3*c - 12 = 0, 0*c - 3*c + 15 = 5*p. Suppose -2*l + 525 = p*l. Let f = l - 19. What are the prime factors of f?
2, 43
Suppose 68877 = 26*s - 26075. Suppose m + s = 12*m. List the prime factors of m.
2, 83
Let r = -86191 + 128052. What are the prime factors of r?
41, 1021
Suppose 88615 = -63*f + 118522 + 192735. List the prime factors of f.
2, 3, 19, 31
Let u = 25 - 33. Let p(n) be the third derivative of n**5/20 - n**4/8 - 6*n**3 + 27*n**2. List the prime factors of p(u).
2, 3, 5
Let g = -6 - 2. Let a(z) = -22*z + 126. Let p be a(7). List the prime factors of 331/7 - g/p.
47
Let p = 15884 + -9225. List the prime factors of p.
6659
Suppose 0 = -22*m + 17*m + x + 18, -2 = -x. Suppose 4 = -m*a, -4*h = h + 4*a - 1996. List the prime factors of h.
2, 5
Let w(c) = c**3 - 3*c**2 + 4*c - 7. Let a be w(4). Let f = a + -19. Suppose -30 = f*k - 408. What are the prime factors of k?
3, 7
Let o = 48849 - 33790. What are the